{"id":2,"date":"2018-10-26T15:05:58","date_gmt":"2018-10-26T13:05:58","guid":{"rendered":"http:\/\/kinder.shifttec.de\/?page_id=2"},"modified":"2024-04-14T14:25:43","modified_gmt":"2024-04-14T12:25:43","slug":"beispiel-seite","status":"publish","type":"page","link":"https:\/\/kinderkrebshilfe-schlitz.de\/","title":{"rendered":"Wir begr\u00fc\u00dfen Sie auf unserer Homepage"},"content":{"rendered":"\n<hr class=\"wp-block-separator has-css-opacity\"\/>\n\n\n\n<p>Auf den folgenden Seiten finden Sie zahlreiche Informationen \u00fcber das Engagement und die Arbeit der Kinderkrebshilfe Schlitz e.V. <\/p>\n\n\n\n<p class=\"has-text-align-center\"><a href=\"https:\/\/kinderkrebshilfe-schlitz.de\/index.php\/burgenlauf\/\" data-type=\"page\" data-id=\"448\"><strong>Burgenlauf 2024 &#8211; Infos HIER<\/strong><\/a><br><\/p>\n\n\n\n<p class=\"has-text-align-left\"><br>Seit mehr als 35 Jahren sammelt unser Verein Spenden f\u00fcr an Krebs und Leuk\u00e4mie erkrankte Kinder. Unterst\u00fctzen Sie unser Anliegen getreu unserem Vereinsmotto:<\/p>\n\n\n\n<hr class=\"wp-block-separator has-css-opacity\"\/>\n\n\n\n<figure class=\"wp-block-image size-full\"><img loading=\"lazy\" decoding=\"async\" width=\"1772\" height=\"1772\" src=\"https:\/\/kinderkrebshilfe-schlitz.de\/wp-content\/uploads\/2024\/01\/37AB1D5C-4566-4508-8AE2-509FCE67817C.jpeg\" alt=\"\" class=\"wp-image-1221\"\/><\/figure>\n\n\n\n<p>Gemeinsam f\u00fcr den guten Zweck &#8211; die Mitglieder der Kinderkrebshilfe Schlitz e.V.<\/p>\n","protected":false},"excerpt":{"rendered":"<p>Auf den folgenden Seiten finden Sie zahlreiche Informationen \u00fcber das Engagement und die Arbeit der Kinderkrebshilfe Schlitz e.V. Burgenlauf 2024 &#8211; Infos HIER Seit mehr als 35 Jahren sammelt unser Verein Spenden f\u00fcr an Krebs und Leuk\u00e4mie erkrankte Kinder. Unterst\u00fctzen Sie unser Anliegen getreu unserem Vereinsmotto: Gemeinsam f\u00fcr den guten Zweck &#8211; die Mitglieder der Kinderkrebshilfe Schlitz e.V.<\/p>\n","protected":false},"author":1,"featured_media":0,"parent":0,"menu_order":1,"comment_status":"closed","ping_status":"open","template":"","meta":{"footnotes":""},"class_list":["post-2","page","type-page","status-publish","hentry"],"_links":{"self":[{"href":"https:\/\/kinderkrebshilfe-schlitz.de\/index.php\/wp-json\/wp\/v2\/pages\/2","targetHints":{"allow":["GET"]}}],"collection":[{"href":"https:\/\/kinderkrebshilfe-schlitz.de\/index.php\/wp-json\/wp\/v2\/pages"}],"about":[{"href":"https:\/\/kinderkrebshilfe-schlitz.de\/index.php\/wp-json\/wp\/v2\/types\/page"}],"author":[{"embeddable":true,"href":"https:\/\/kinderkrebshilfe-schlitz.de\/index.php\/wp-json\/wp\/v2\/users\/1"}],"replies":[{"embeddable":true,"href":"https:\/\/kinderkrebshilfe-schlitz.de\/index.php\/wp-json\/wp\/v2\/comments?post=2"}],"version-history":[{"count":46,"href":"https:\/\/kinderkrebshilfe-schlitz.de\/index.php\/wp-json\/wp\/v2\/pages\/2\/revisions"}],"predecessor-version":[{"id":1236,"href":"https:\/\/kinderkrebshilfe-schlitz.de\/index.php\/wp-json\/wp\/v2\/pages\/2\/revisions\/1236"}],"wp:attachment":[{"href":"https:\/\/kinderkrebshilfe-schlitz.de\/index.php\/wp-json\/wp\/v2\/media?parent=2"}],"curies":[{"name":"wp","href":"https:\/\/api.w.org\/{rel}","templated":true}]}}