{"id":382,"date":"2020-02-23T15:13:19","date_gmt":"2020-02-23T14:13:19","guid":{"rendered":"http:\/\/kinder.shifttec.de\/?page_id=382"},"modified":"2020-02-23T15:47:40","modified_gmt":"2020-02-23T14:47:40","slug":"tour-der-hoffnung","status":"publish","type":"page","link":"https:\/\/kinderkrebshilfe-schlitz.de\/index.php\/tour-der-hoffnung\/","title":{"rendered":"Tour der Hoffnung"},"content":{"rendered":"\n<p>Informationen zur Verwendung der von uns gesammelten Spenden<\/p>\n\n\n\n<hr class=\"wp-block-separator is-style-default\"\/>\n\n\n\n<p>Die Kinderkrebshilfe Schlitz e.V. sammelt im Schlitzerland und dar\u00fcberhinaus Spenden f\u00fcr an Krebs und Leuk\u00e4mie erkrankte Kinder. Die Gelder gehen zum Beispiel an Forschungsprojekte, Elterninitiativen oder auch Reha- sowie Hospizeinrichtungen. Vermehrt unterst\u00fctzen wir dabei das Engagement der \u201eTour der Hoffnung\u201c.  <br><\/p>\n\n\n\n<p class=\"has-text-align-left\">Die&nbsp;<strong>Tour der Hoffnung<\/strong>&nbsp;ist eine allj\u00e4hrlich in Deutschland ausgetragene&nbsp;<a href=\"https:\/\/de.m.wikipedia.org\/wiki\/Benefiz\">Benefiz<\/a>&#8211;<a href=\"https:\/\/de.m.wikipedia.org\/wiki\/Radsport\">Radsportveranstaltung<\/a>&nbsp;zur Unterst\u00fctzung&nbsp;<a href=\"https:\/\/de.m.wikipedia.org\/wiki\/Krebs_(Medizin)\">krebs<\/a>&#8211; und&nbsp;<a href=\"https:\/\/de.m.wikipedia.org\/wiki\/Leuk%C3%A4mie\">leuk\u00e4miekranker<\/a>&nbsp;Kinder.<\/p>\n\n\n\n<p>Gegr\u00fcndet wurde die&nbsp;<em>Tour der Hoffnung<\/em>&nbsp;1983, urspr\u00fcnglich als&nbsp;<em>Tour Peiper<\/em>, von&nbsp;<a href=\"https:\/\/de.m.wikipedia.org\/wiki\/Fritz_Lampert\">Fritz Lampert<\/a>, Professor f\u00fcr&nbsp;<a href=\"https:\/\/de.m.wikipedia.org\/wiki\/P%C3%A4diatrie\">P\u00e4diatrie<\/a>&nbsp;an der Kinderklinik der&nbsp;<a href=\"https:\/\/de.m.wikipedia.org\/wiki\/Justus-Liebig-Universit%C3%A4t_Gie%C3%9Fen\">Justus-Liebig-Universit\u00e4t Gie\u00dfen<\/a>. Seit 1994 tr\u00e4gt die Tour ihren jetzigen Namen. Im Rahmen dieser \u00fcber mehrere hundert Kilometer f\u00fchrenden Tour sammeln prominente Teilnehmer auf Rennr\u00e4dern Spenden in den Orten, durch die sie fahren. Jedes Jahr werden andere Regionen angesteuert. Begleitend zur Haupttour gibt es eine&nbsp;<a href=\"https:\/\/de.m.wikipedia.org\/wiki\/Prolog_(Radrennen)\">Vortour<\/a>&nbsp;und Rahmenaktionen. Die Kosten der Veranstaltung werden von gro\u00dfen Unternehmen als Sponsoren getragen, sodass von den erzielten Spendeneinnahmen nichts abgezogen wird. Bis 2019 kamen bereits unglaubliche 36 Millionen Euro zusammen.<\/p>\n\n\n\n<p>F\u00fcr die Kinderkrebshilfe Schlitz e.V. ist es sehr wichtig, dass alle Spenden bis auf den letzten Cent den erkrankten Kindern und Jugendlichen zu Gute kommen. So ist es auch gut zu wissen, dass die gesamte Verwaltung der Spendengelder in der Hoheit der K\u00e4mmerei der Universit\u00e4tsstadt Gie\u00dfen liegt.<\/p>\n\n\n\n<div class=\"wp-block-button\"><a class=\"wp-block-button__link has-background has-cyan-bluish-gray-background-color\" href=\" https:\/\/www.tour-der-hoffnung.de\">Link zur offiziellen Seite der Tour der Hoffnung <\/a><\/div>\n\n\n\n<hr class=\"wp-block-separator is-style-default\"\/>\n\n\n\n<p>Bei der allj\u00e4hrlich stattfindenden Tour der Hoffnung wird unser Verein durch unseren 1. Vorsitzenden Dieter H\u00e4mmelmann vertreten. In Form eines symbolischen Schecks \u00fcberreicht er im Rahmen der Veranstaltung die von der Kinderkrebshilfe Schlitz e.V. gesammelten Gelder. <\/p>\n\n\n\n<figure class=\"wp-block-gallery columns-3 is-cropped wp-block-gallery-1 is-layout-flex wp-block-gallery-is-layout-flex\"><ul class=\"blocks-gallery-grid\"><li class=\"blocks-gallery-item\"><figure><img loading=\"lazy\" decoding=\"async\" width=\"576\" height=\"1024\" src=\"http:\/\/kinder.shifttec.de\/wp-content\/uploads\/2020\/02\/AB0198DD-A66A-401C-BB48-306CD1E3BD90-576x1024.jpeg\" alt=\"\" data-id=\"385\" data-full-url=\"http:\/\/kinder.shifttec.de\/wp-content\/uploads\/2020\/02\/AB0198DD-A66A-401C-BB48-306CD1E3BD90.jpeg\" data-link=\"http:\/\/kinder.shifttec.de\/?attachment_id=385\" class=\"wp-image-385\" srcset=\"https:\/\/kinderkrebshilfe-schlitz.de\/wp-content\/uploads\/2020\/02\/AB0198DD-A66A-401C-BB48-306CD1E3BD90-576x1024.jpeg 576w, https:\/\/kinderkrebshilfe-schlitz.de\/wp-content\/uploads\/2020\/02\/AB0198DD-A66A-401C-BB48-306CD1E3BD90-169x300.jpeg 169w, https:\/\/kinderkrebshilfe-schlitz.de\/wp-content\/uploads\/2020\/02\/AB0198DD-A66A-401C-BB48-306CD1E3BD90-768x1365.jpeg 768w, https:\/\/kinderkrebshilfe-schlitz.de\/wp-content\/uploads\/2020\/02\/AB0198DD-A66A-401C-BB48-306CD1E3BD90-864x1536.jpeg 864w, https:\/\/kinderkrebshilfe-schlitz.de\/wp-content\/uploads\/2020\/02\/AB0198DD-A66A-401C-BB48-306CD1E3BD90-152x270.jpeg 152w, https:\/\/kinderkrebshilfe-schlitz.de\/wp-content\/uploads\/2020\/02\/AB0198DD-A66A-401C-BB48-306CD1E3BD90.jpeg 900w\" sizes=\"auto, (max-width: 576px) 100vw, 576px\" \/><\/figure><\/li><li class=\"blocks-gallery-item\"><figure><img loading=\"lazy\" decoding=\"async\" width=\"678\" height=\"960\" src=\"http:\/\/kinder.shifttec.de\/wp-content\/uploads\/2020\/02\/95130A1A-0A4F-42C3-B931-7AF11B00381A.jpeg\" alt=\"\" data-id=\"392\" data-full-url=\"http:\/\/kinder.shifttec.de\/wp-content\/uploads\/2020\/02\/95130A1A-0A4F-42C3-B931-7AF11B00381A.jpeg\" data-link=\"http:\/\/kinder.shifttec.de\/?attachment_id=392\" class=\"wp-image-392\" srcset=\"https:\/\/kinderkrebshilfe-schlitz.de\/wp-content\/uploads\/2020\/02\/95130A1A-0A4F-42C3-B931-7AF11B00381A.jpeg 678w, https:\/\/kinderkrebshilfe-schlitz.de\/wp-content\/uploads\/2020\/02\/95130A1A-0A4F-42C3-B931-7AF11B00381A-212x300.jpeg 212w, https:\/\/kinderkrebshilfe-schlitz.de\/wp-content\/uploads\/2020\/02\/95130A1A-0A4F-42C3-B931-7AF11B00381A-191x270.jpeg 191w\" sizes=\"auto, (max-width: 678px) 100vw, 678px\" \/><\/figure><\/li><li class=\"blocks-gallery-item\"><figure><img loading=\"lazy\" decoding=\"async\" width=\"1024\" height=\"768\" src=\"http:\/\/kinder.shifttec.de\/wp-content\/uploads\/2020\/02\/D375C1B9-26D3-4EDC-96FB-8AB17DF46F3F.jpeg\" alt=\"\" data-id=\"387\" data-full-url=\"http:\/\/kinder.shifttec.de\/wp-content\/uploads\/2020\/02\/D375C1B9-26D3-4EDC-96FB-8AB17DF46F3F.jpeg\" data-link=\"http:\/\/kinder.shifttec.de\/?attachment_id=387\" class=\"wp-image-387\" srcset=\"https:\/\/kinderkrebshilfe-schlitz.de\/wp-content\/uploads\/2020\/02\/D375C1B9-26D3-4EDC-96FB-8AB17DF46F3F.jpeg 1024w, https:\/\/kinderkrebshilfe-schlitz.de\/wp-content\/uploads\/2020\/02\/D375C1B9-26D3-4EDC-96FB-8AB17DF46F3F-300x225.jpeg 300w, https:\/\/kinderkrebshilfe-schlitz.de\/wp-content\/uploads\/2020\/02\/D375C1B9-26D3-4EDC-96FB-8AB17DF46F3F-768x576.jpeg 768w, https:\/\/kinderkrebshilfe-schlitz.de\/wp-content\/uploads\/2020\/02\/D375C1B9-26D3-4EDC-96FB-8AB17DF46F3F-360x270.jpeg 360w\" sizes=\"auto, (max-width: 1024px) 100vw, 1024px\" \/><\/figure><\/li><li class=\"blocks-gallery-item\"><figure><img loading=\"lazy\" decoding=\"async\" width=\"960\" height=\"640\" src=\"http:\/\/kinder.shifttec.de\/wp-content\/uploads\/2020\/02\/94F62107-C5C0-418A-817D-DE15C76C5991.jpeg\" alt=\"\" data-id=\"391\" data-full-url=\"http:\/\/kinder.shifttec.de\/wp-content\/uploads\/2020\/02\/94F62107-C5C0-418A-817D-DE15C76C5991.jpeg\" data-link=\"http:\/\/kinder.shifttec.de\/?attachment_id=391\" class=\"wp-image-391\" srcset=\"https:\/\/kinderkrebshilfe-schlitz.de\/wp-content\/uploads\/2020\/02\/94F62107-C5C0-418A-817D-DE15C76C5991.jpeg 960w, https:\/\/kinderkrebshilfe-schlitz.de\/wp-content\/uploads\/2020\/02\/94F62107-C5C0-418A-817D-DE15C76C5991-300x200.jpeg 300w, https:\/\/kinderkrebshilfe-schlitz.de\/wp-content\/uploads\/2020\/02\/94F62107-C5C0-418A-817D-DE15C76C5991-768x512.jpeg 768w, https:\/\/kinderkrebshilfe-schlitz.de\/wp-content\/uploads\/2020\/02\/94F62107-C5C0-418A-817D-DE15C76C5991-405x270.jpeg 405w\" sizes=\"auto, (max-width: 960px) 100vw, 960px\" \/><\/figure><\/li><li class=\"blocks-gallery-item\"><figure><img loading=\"lazy\" decoding=\"async\" width=\"960\" height=\"720\" src=\"http:\/\/kinder.shifttec.de\/wp-content\/uploads\/2020\/02\/267FB746-C575-4F5B-8B04-6AC27CB31767.jpeg\" alt=\"\" data-id=\"388\" data-full-url=\"http:\/\/kinder.shifttec.de\/wp-content\/uploads\/2020\/02\/267FB746-C575-4F5B-8B04-6AC27CB31767.jpeg\" data-link=\"http:\/\/kinder.shifttec.de\/?attachment_id=388\" class=\"wp-image-388\" srcset=\"https:\/\/kinderkrebshilfe-schlitz.de\/wp-content\/uploads\/2020\/02\/267FB746-C575-4F5B-8B04-6AC27CB31767.jpeg 960w, https:\/\/kinderkrebshilfe-schlitz.de\/wp-content\/uploads\/2020\/02\/267FB746-C575-4F5B-8B04-6AC27CB31767-300x225.jpeg 300w, https:\/\/kinderkrebshilfe-schlitz.de\/wp-content\/uploads\/2020\/02\/267FB746-C575-4F5B-8B04-6AC27CB31767-768x576.jpeg 768w, https:\/\/kinderkrebshilfe-schlitz.de\/wp-content\/uploads\/2020\/02\/267FB746-C575-4F5B-8B04-6AC27CB31767-360x270.jpeg 360w\" sizes=\"auto, (max-width: 960px) 100vw, 960px\" \/><\/figure><\/li><li class=\"blocks-gallery-item\"><figure><img loading=\"lazy\" decoding=\"async\" width=\"1024\" height=\"576\" src=\"http:\/\/kinder.shifttec.de\/wp-content\/uploads\/2020\/02\/EA0ADD7E-A6A3-408E-A425-3C67018BE947-1024x576.jpeg\" alt=\"\" data-id=\"383\" data-full-url=\"http:\/\/kinder.shifttec.de\/wp-content\/uploads\/2020\/02\/EA0ADD7E-A6A3-408E-A425-3C67018BE947.jpeg\" data-link=\"http:\/\/kinder.shifttec.de\/?attachment_id=383\" class=\"wp-image-383\" srcset=\"https:\/\/kinderkrebshilfe-schlitz.de\/wp-content\/uploads\/2020\/02\/EA0ADD7E-A6A3-408E-A425-3C67018BE947-1024x576.jpeg 1024w, https:\/\/kinderkrebshilfe-schlitz.de\/wp-content\/uploads\/2020\/02\/EA0ADD7E-A6A3-408E-A425-3C67018BE947-300x169.jpeg 300w, https:\/\/kinderkrebshilfe-schlitz.de\/wp-content\/uploads\/2020\/02\/EA0ADD7E-A6A3-408E-A425-3C67018BE947-768x432.jpeg 768w, https:\/\/kinderkrebshilfe-schlitz.de\/wp-content\/uploads\/2020\/02\/EA0ADD7E-A6A3-408E-A425-3C67018BE947-1536x864.jpeg 1536w, https:\/\/kinderkrebshilfe-schlitz.de\/wp-content\/uploads\/2020\/02\/EA0ADD7E-A6A3-408E-A425-3C67018BE947-480x270.jpeg 480w, https:\/\/kinderkrebshilfe-schlitz.de\/wp-content\/uploads\/2020\/02\/EA0ADD7E-A6A3-408E-A425-3C67018BE947.jpeg 1600w\" sizes=\"auto, (max-width: 1024px) 100vw, 1024px\" \/><\/figure><\/li><li class=\"blocks-gallery-item\"><figure><img loading=\"lazy\" decoding=\"async\" width=\"1024\" height=\"576\" src=\"http:\/\/kinder.shifttec.de\/wp-content\/uploads\/2020\/02\/AFD04743-20E6-41A5-9D6F-61B85AD12512-1024x576.jpeg\" alt=\"\" data-id=\"384\" data-full-url=\"http:\/\/kinder.shifttec.de\/wp-content\/uploads\/2020\/02\/AFD04743-20E6-41A5-9D6F-61B85AD12512.jpeg\" data-link=\"http:\/\/kinder.shifttec.de\/?attachment_id=384\" class=\"wp-image-384\" srcset=\"https:\/\/kinderkrebshilfe-schlitz.de\/wp-content\/uploads\/2020\/02\/AFD04743-20E6-41A5-9D6F-61B85AD12512-1024x576.jpeg 1024w, https:\/\/kinderkrebshilfe-schlitz.de\/wp-content\/uploads\/2020\/02\/AFD04743-20E6-41A5-9D6F-61B85AD12512-300x169.jpeg 300w, https:\/\/kinderkrebshilfe-schlitz.de\/wp-content\/uploads\/2020\/02\/AFD04743-20E6-41A5-9D6F-61B85AD12512-768x432.jpeg 768w, https:\/\/kinderkrebshilfe-schlitz.de\/wp-content\/uploads\/2020\/02\/AFD04743-20E6-41A5-9D6F-61B85AD12512-1536x864.jpeg 1536w, https:\/\/kinderkrebshilfe-schlitz.de\/wp-content\/uploads\/2020\/02\/AFD04743-20E6-41A5-9D6F-61B85AD12512-480x270.jpeg 480w, https:\/\/kinderkrebshilfe-schlitz.de\/wp-content\/uploads\/2020\/02\/AFD04743-20E6-41A5-9D6F-61B85AD12512.jpeg 1600w\" sizes=\"auto, (max-width: 1024px) 100vw, 1024px\" \/><\/figure><\/li><li class=\"blocks-gallery-item\"><figure><img loading=\"lazy\" decoding=\"async\" width=\"1024\" height=\"576\" src=\"http:\/\/kinder.shifttec.de\/wp-content\/uploads\/2020\/02\/8FDC563E-489D-425F-B9EA-3EEC3C6AD073-1024x576.jpeg\" alt=\"\" data-id=\"386\" data-full-url=\"http:\/\/kinder.shifttec.de\/wp-content\/uploads\/2020\/02\/8FDC563E-489D-425F-B9EA-3EEC3C6AD073.jpeg\" data-link=\"http:\/\/kinder.shifttec.de\/?attachment_id=386\" class=\"wp-image-386\" srcset=\"https:\/\/kinderkrebshilfe-schlitz.de\/wp-content\/uploads\/2020\/02\/8FDC563E-489D-425F-B9EA-3EEC3C6AD073-1024x576.jpeg 1024w, https:\/\/kinderkrebshilfe-schlitz.de\/wp-content\/uploads\/2020\/02\/8FDC563E-489D-425F-B9EA-3EEC3C6AD073-300x169.jpeg 300w, https:\/\/kinderkrebshilfe-schlitz.de\/wp-content\/uploads\/2020\/02\/8FDC563E-489D-425F-B9EA-3EEC3C6AD073-768x432.jpeg 768w, https:\/\/kinderkrebshilfe-schlitz.de\/wp-content\/uploads\/2020\/02\/8FDC563E-489D-425F-B9EA-3EEC3C6AD073-1536x864.jpeg 1536w, https:\/\/kinderkrebshilfe-schlitz.de\/wp-content\/uploads\/2020\/02\/8FDC563E-489D-425F-B9EA-3EEC3C6AD073-480x270.jpeg 480w, https:\/\/kinderkrebshilfe-schlitz.de\/wp-content\/uploads\/2020\/02\/8FDC563E-489D-425F-B9EA-3EEC3C6AD073.jpeg 1600w\" sizes=\"auto, (max-width: 1024px) 100vw, 1024px\" \/><\/figure><\/li><li class=\"blocks-gallery-item\"><figure><img loading=\"lazy\" decoding=\"async\" width=\"960\" height=\"460\" src=\"http:\/\/kinder.shifttec.de\/wp-content\/uploads\/2020\/02\/49034888-183C-4EFD-9C18-474CCFA6841E.jpeg\" alt=\"\" data-id=\"389\" data-full-url=\"http:\/\/kinder.shifttec.de\/wp-content\/uploads\/2020\/02\/49034888-183C-4EFD-9C18-474CCFA6841E.jpeg\" data-link=\"http:\/\/kinder.shifttec.de\/?attachment_id=389\" class=\"wp-image-389\" srcset=\"https:\/\/kinderkrebshilfe-schlitz.de\/wp-content\/uploads\/2020\/02\/49034888-183C-4EFD-9C18-474CCFA6841E.jpeg 960w, https:\/\/kinderkrebshilfe-schlitz.de\/wp-content\/uploads\/2020\/02\/49034888-183C-4EFD-9C18-474CCFA6841E-300x144.jpeg 300w, https:\/\/kinderkrebshilfe-schlitz.de\/wp-content\/uploads\/2020\/02\/49034888-183C-4EFD-9C18-474CCFA6841E-768x368.jpeg 768w, https:\/\/kinderkrebshilfe-schlitz.de\/wp-content\/uploads\/2020\/02\/49034888-183C-4EFD-9C18-474CCFA6841E-563x270.jpeg 563w\" sizes=\"auto, (max-width: 960px) 100vw, 960px\" \/><\/figure><\/li><\/ul><\/figure>\n\n\n\n<p>Am Samstag vor dem 1. Advent findet traditionell die \u00dcbergabe aller im laufenden Jahr durch die Tour der Hoffnung gesammelt Spenden an die Beg\u00fcnstigten in Gie\u00dfen statt. Bei den Beg\u00fcnstigten handelt es sich ebenso um Kliniken und Forschungseinrichtungen wie auch private Initiativen oder Elternvereine. Diese bewerben sich im Vorfeld mit einem Projekt um die F\u00f6rderung und werden von dem Konsortium der Tour der Hoffnung ausgew\u00e4hlt. <\/p>\n\n\n\n<figure class=\"wp-block-gallery columns-3 is-cropped wp-block-gallery-2 is-layout-flex wp-block-gallery-is-layout-flex\"><ul class=\"blocks-gallery-grid\"><li class=\"blocks-gallery-item\"><figure><img loading=\"lazy\" decoding=\"async\" width=\"768\" height=\"1024\" src=\"http:\/\/kinder.shifttec.de\/wp-content\/uploads\/2020\/02\/5DA858BB-E1E4-4992-9AD4-5D1E4A54C6F3-768x1024.jpeg\" alt=\"\" data-id=\"396\" data-full-url=\"http:\/\/kinder.shifttec.de\/wp-content\/uploads\/2020\/02\/5DA858BB-E1E4-4992-9AD4-5D1E4A54C6F3.jpeg\" data-link=\"http:\/\/kinder.shifttec.de\/index.php\/tour-der-hoffnung\/5da858bb-e1e4-4992-9ad4-5d1e4a54c6f3\/\" class=\"wp-image-396\" srcset=\"https:\/\/kinderkrebshilfe-schlitz.de\/wp-content\/uploads\/2020\/02\/5DA858BB-E1E4-4992-9AD4-5D1E4A54C6F3-768x1024.jpeg 768w, https:\/\/kinderkrebshilfe-schlitz.de\/wp-content\/uploads\/2020\/02\/5DA858BB-E1E4-4992-9AD4-5D1E4A54C6F3-225x300.jpeg 225w, https:\/\/kinderkrebshilfe-schlitz.de\/wp-content\/uploads\/2020\/02\/5DA858BB-E1E4-4992-9AD4-5D1E4A54C6F3-1152x1536.jpeg 1152w, https:\/\/kinderkrebshilfe-schlitz.de\/wp-content\/uploads\/2020\/02\/5DA858BB-E1E4-4992-9AD4-5D1E4A54C6F3-203x270.jpeg 203w, https:\/\/kinderkrebshilfe-schlitz.de\/wp-content\/uploads\/2020\/02\/5DA858BB-E1E4-4992-9AD4-5D1E4A54C6F3.jpeg 1536w\" sizes=\"auto, (max-width: 768px) 100vw, 768px\" \/><\/figure><\/li><li class=\"blocks-gallery-item\"><figure><img loading=\"lazy\" decoding=\"async\" width=\"720\" height=\"960\" src=\"http:\/\/kinder.shifttec.de\/wp-content\/uploads\/2020\/02\/751E2781-13B0-40B9-B6EA-774FBC894B8A.jpeg\" alt=\"\" data-id=\"399\" data-full-url=\"http:\/\/kinder.shifttec.de\/wp-content\/uploads\/2020\/02\/751E2781-13B0-40B9-B6EA-774FBC894B8A.jpeg\" data-link=\"http:\/\/kinder.shifttec.de\/index.php\/tour-der-hoffnung\/751e2781-13b0-40b9-b6ea-774fbc894b8a\/\" class=\"wp-image-399\" srcset=\"https:\/\/kinderkrebshilfe-schlitz.de\/wp-content\/uploads\/2020\/02\/751E2781-13B0-40B9-B6EA-774FBC894B8A.jpeg 720w, https:\/\/kinderkrebshilfe-schlitz.de\/wp-content\/uploads\/2020\/02\/751E2781-13B0-40B9-B6EA-774FBC894B8A-225x300.jpeg 225w, https:\/\/kinderkrebshilfe-schlitz.de\/wp-content\/uploads\/2020\/02\/751E2781-13B0-40B9-B6EA-774FBC894B8A-203x270.jpeg 203w\" sizes=\"auto, (max-width: 720px) 100vw, 720px\" \/><\/figure><\/li><li class=\"blocks-gallery-item\"><figure><img loading=\"lazy\" decoding=\"async\" width=\"1024\" height=\"768\" src=\"http:\/\/kinder.shifttec.de\/wp-content\/uploads\/2020\/02\/751AC288-2800-43BC-AFB3-71B1B522B997.jpeg\" alt=\"\" data-id=\"398\" data-full-url=\"http:\/\/kinder.shifttec.de\/wp-content\/uploads\/2020\/02\/751AC288-2800-43BC-AFB3-71B1B522B997.jpeg\" data-link=\"http:\/\/kinder.shifttec.de\/index.php\/tour-der-hoffnung\/751ac288-2800-43bc-afb3-71b1b522b997\/\" class=\"wp-image-398\" srcset=\"https:\/\/kinderkrebshilfe-schlitz.de\/wp-content\/uploads\/2020\/02\/751AC288-2800-43BC-AFB3-71B1B522B997.jpeg 1024w, https:\/\/kinderkrebshilfe-schlitz.de\/wp-content\/uploads\/2020\/02\/751AC288-2800-43BC-AFB3-71B1B522B997-300x225.jpeg 300w, https:\/\/kinderkrebshilfe-schlitz.de\/wp-content\/uploads\/2020\/02\/751AC288-2800-43BC-AFB3-71B1B522B997-768x576.jpeg 768w, https:\/\/kinderkrebshilfe-schlitz.de\/wp-content\/uploads\/2020\/02\/751AC288-2800-43BC-AFB3-71B1B522B997-360x270.jpeg 360w\" sizes=\"auto, (max-width: 1024px) 100vw, 1024px\" \/><\/figure><\/li><li class=\"blocks-gallery-item\"><figure><img loading=\"lazy\" decoding=\"async\" width=\"1024\" height=\"768\" src=\"http:\/\/kinder.shifttec.de\/wp-content\/uploads\/2020\/02\/232663D5-9F8B-4A38-971E-B624623B50EF-1024x768.jpeg\" alt=\"\" data-id=\"397\" data-full-url=\"http:\/\/kinder.shifttec.de\/wp-content\/uploads\/2020\/02\/232663D5-9F8B-4A38-971E-B624623B50EF.jpeg\" data-link=\"http:\/\/kinder.shifttec.de\/index.php\/tour-der-hoffnung\/232663d5-9f8b-4a38-971e-b624623b50ef\/\" class=\"wp-image-397\" srcset=\"https:\/\/kinderkrebshilfe-schlitz.de\/wp-content\/uploads\/2020\/02\/232663D5-9F8B-4A38-971E-B624623B50EF-1024x768.jpeg 1024w, https:\/\/kinderkrebshilfe-schlitz.de\/wp-content\/uploads\/2020\/02\/232663D5-9F8B-4A38-971E-B624623B50EF-300x225.jpeg 300w, https:\/\/kinderkrebshilfe-schlitz.de\/wp-content\/uploads\/2020\/02\/232663D5-9F8B-4A38-971E-B624623B50EF-768x576.jpeg 768w, https:\/\/kinderkrebshilfe-schlitz.de\/wp-content\/uploads\/2020\/02\/232663D5-9F8B-4A38-971E-B624623B50EF-1536x1152.jpeg 1536w, https:\/\/kinderkrebshilfe-schlitz.de\/wp-content\/uploads\/2020\/02\/232663D5-9F8B-4A38-971E-B624623B50EF-360x270.jpeg 360w, https:\/\/kinderkrebshilfe-schlitz.de\/wp-content\/uploads\/2020\/02\/232663D5-9F8B-4A38-971E-B624623B50EF.jpeg 2048w\" sizes=\"auto, (max-width: 1024px) 100vw, 1024px\" \/><\/figure><\/li><\/ul><\/figure>\n\n\n\n<p class=\"has-text-color has-background has-text-align-center has-vivid-cyan-blue-color has-very-light-gray-background-color\">Der Kampf gegen Krebs <br>braucht privates Engagement!<br>Mit Ihrer Spenden unterst\u00fctzen Sie uns dabei.<\/p>\n\n\n\n<p><\/p>\n","protected":false},"excerpt":{"rendered":"<p>Informationen zur Verwendung der von uns gesammelten Spenden Die Kinderkrebshilfe Schlitz e.V. sammelt im Schlitzerland und dar\u00fcberhinaus Spenden f\u00fcr an Krebs und Leuk\u00e4mie erkrankte Kinder. Die Gelder gehen zum Beispiel an Forschungsprojekte, Elterninitiativen oder auch Reha- sowie Hospizeinrichtungen. Vermehrt unterst\u00fctzen wir dabei das Engagement der \u201eTour der Hoffnung\u201c. Die&nbsp;Tour der Hoffnung&nbsp;ist eine allj\u00e4hrlich in Deutschland ausgetragene&nbsp;Benefiz&#8211;Radsportveranstaltung&nbsp;zur Unterst\u00fctzung&nbsp;krebs&#8211; und&nbsp;leuk\u00e4miekranker&nbsp;Kinder. Gegr\u00fcndet wurde die&nbsp;Tour der Hoffnung&nbsp;1983, urspr\u00fcnglich als&nbsp;Tour Peiper, von&nbsp;Fritz Lampert, Professor f\u00fcr&nbsp;P\u00e4diatrie&nbsp;an der Kinderklinik der&nbsp;Justus-Liebig-Universit\u00e4t Gie\u00dfen. Seit 1994 tr\u00e4gt die Tour ihren&#8230;<\/p>\n<p class=\"read-more\"><a class=\"btn btn-default\" href=\"https:\/\/kinderkrebshilfe-schlitz.de\/index.php\/tour-der-hoffnung\/\">Weiterlesen<span class=\"screen-reader-text\"> Weiterlesen<\/span><\/a><\/p>\n","protected":false},"author":1,"featured_media":0,"parent":0,"menu_order":0,"comment_status":"closed","ping_status":"closed","template":"","meta":{"footnotes":""},"class_list":["post-382","page","type-page","status-publish","hentry"],"_links":{"self":[{"href":"https:\/\/kinderkrebshilfe-schlitz.de\/index.php\/wp-json\/wp\/v2\/pages\/382","targetHints":{"allow":["GET"]}}],"collection":[{"href":"https:\/\/kinderkrebshilfe-schlitz.de\/index.php\/wp-json\/wp\/v2\/pages"}],"about":[{"href":"https:\/\/kinderkrebshilfe-schlitz.de\/index.php\/wp-json\/wp\/v2\/types\/page"}],"author":[{"embeddable":true,"href":"https:\/\/kinderkrebshilfe-schlitz.de\/index.php\/wp-json\/wp\/v2\/users\/1"}],"replies":[{"embeddable":true,"href":"https:\/\/kinderkrebshilfe-schlitz.de\/index.php\/wp-json\/wp\/v2\/comments?post=382"}],"version-history":[{"count":5,"href":"https:\/\/kinderkrebshilfe-schlitz.de\/index.php\/wp-json\/wp\/v2\/pages\/382\/revisions"}],"predecessor-version":[{"id":414,"href":"https:\/\/kinderkrebshilfe-schlitz.de\/index.php\/wp-json\/wp\/v2\/pages\/382\/revisions\/414"}],"wp:attachment":[{"href":"https:\/\/kinderkrebshilfe-schlitz.de\/index.php\/wp-json\/wp\/v2\/media?parent=382"}],"curies":[{"name":"wp","href":"https:\/\/api.w.org\/{rel}","templated":true}]}}